{"id":609,"date":"2026-02-20T20:28:50","date_gmt":"2026-02-20T20:28:50","guid":{"rendered":"https:\/\/micodesign.pl\/?post_type=product&#038;p=609"},"modified":"2026-02-20T20:48:59","modified_gmt":"2026-02-20T20:48:59","slug":"zaproszenie-na-komunie-personalizowane-uv","status":"publish","type":"product","link":"https:\/\/micodesign.pl\/?product=zaproszenie-na-komunie-personalizowane-uv","title":{"rendered":"Zaproszenie na Komuni\u0119 &#8211; personalizowane UV"},"content":{"rendered":"<h1>ZAPROSZENIA NA KOMUNI\u0118<\/h1>\n<p><b>O GRUBO\u015aCI 3MM &#8211; estetyczne i wyj\u0105tkowe!<\/b><\/p>\n<p>Poszukujesz oryginalnych zaprosze\u0144 komunijnych, kt\u00f3re zachwyc\u0105 swoim urokiem? Nie mog\u0142e\u015b lepiej trafi\u0107! Zaproszenia komunijne wykonane z wysokiej jako\u015bci, dwustronnie lakierowanej p\u0142yty HDF, wraz z personalizowanym nadrukiem to nowo\u015b\u0107 na rynku komunijnym!<\/p>\n<p><b><img decoding=\"async\" class=\"emoji\" role=\"img\" draggable=\"false\" src=\"https:\/\/s.w.org\/images\/core\/emoji\/16.0.1\/svg\/1f538.svg\" alt=\"\ud83d\udd38\" \/>\u00a0 Wymiary: <\/b>15 x 10 cm<\/p>\n<p><b><img decoding=\"async\" class=\"emoji\" role=\"img\" draggable=\"false\" src=\"https:\/\/s.w.org\/images\/core\/emoji\/16.0.1\/svg\/1f538.svg\" alt=\"\ud83d\udd38\" \/>\u00a0Materia\u0142:\u00a0<\/b>dwustronnie lakierowana p\u0142yta HDF<\/p>\n<p>Ka\u017cde zaproszenie posiada obrazek oraz najwa\u017cniejsze informacje dotycz\u0105ce wydarzenia.\u00a0<b>Tre\u015b\u0107 oczywi\u015bcie podlega personalizacji.<\/b><\/p>\n<h2>Zaproszenia, kt\u00f3re zostan\u0105 z Tob\u0105 na d\u0142u\u017cej&#8230;<\/h2>\n<p>Nasze zaproszenia wyr\u00f3\u017cniaj\u0105 si\u0119 spo\u015br\u00f3d konkurencyjnych produkt\u00f3w przede wszystkim materia\u0142em.<b>\u00a0Nie jest to papier, ani karton&#8230;\u00a0<\/b>ale dwustronnie lakierowana p\u0142yta HDF. Taki materia\u0142 jest trwa\u0142y, a dzi\u0119ki technologii\u00a0<b>druku UV<\/b>\u00a0ca\u0142o\u015b\u0107 zyskuje naprawd\u0119 oryginalnego charakteru.<\/p>\n<h2>100% POLSKI PRODUKT | WYSOKA JAKO\u015a\u0106<\/h2>\n<h2>NOWOCZESNE ZAPROSZENIA KOMUNIJNE<\/h2>\n<p>Zaproszenia na Pierwsz\u0105 Komuni\u0119 \u015awi\u0119t\u0105 naszej produkcji to nowoczesna i elegancka mo\u017cliwo\u015b\u0107<b>\u00a0zaskoczenia swoich go\u015bci!<\/b>\u00a0Papierowe zaproszenia nijak maj\u0105 si\u0119 do solidnych, trwa\u0142ych i niesamowicie estetycznych zaprosze\u0144 naszej produkcji.<\/p>\n<h2>GRATIS #1 BIA\u0141A, PER\u0141OWA KOPERTA<\/h2>\n<p>Do ka\u017cdego zaproszenia otrzymujesz zupe\u0142nie\u00a0<b>GRATIS\u00a0<\/b>przepi\u0119kn\u0105, bia\u0142\u0105, per\u0142ow\u0105 kopert\u0119 z niesamowitym efektem metalicznym.<\/p>\n<p><b>MINIMALNA ILO\u015a\u0106 DO ZAM\u00d3WIENIA TO 5 SZT<\/b><\/p>\n<h2>GRATIS #2! PODSTAWKI DO POSTAWIENIA<\/h2>\n<p>Ka\u017cde nasze zaproszenia posiada do\u0142\u0105czone dwie, opracowane przez nas podstawki, dzi\u0119ki kt\u00f3rym zaproszenie mo\u017cna postawi\u0107 na p\u00f3\u0142ce czy szafce.\u00a0<b>To doskona\u0142a mo\u017cliwo\u015b\u0107 jego prezentacji!<\/b><\/p>\n","protected":false},"excerpt":{"rendered":"<p>Personalizowane zaproszenia komunijne w nowoczesnym wydaniu to prawdziwy <strong>HIT<\/strong> tego roku! Produkt wykonany z wysokiej jako\u015bci, <strong>dwustronnie lakierowanej p\u0142yty o gr. 3mm<\/strong>, wraz z nadrukiem <strong>UV<\/strong>.<\/p>\n","protected":false},"featured_media":614,"comment_status":"open","ping_status":"closed","template":"","meta":[],"product_brand":[],"product_cat":[68,45],"product_tag":[],"class_list":{"0":"post-609","1":"product","2":"type-product","3":"status-publish","4":"has-post-thumbnail","6":"product_cat-komunia","7":"product_cat-okazjonalne","9":"first","10":"instock","11":"sale","12":"shipping-taxable","13":"purchasable","14":"product-type-simple"},"_links":{"self":[{"href":"https:\/\/micodesign.pl\/index.php?rest_route=\/wp\/v2\/product\/609","targetHints":{"allow":["GET"]}}],"collection":[{"href":"https:\/\/micodesign.pl\/index.php?rest_route=\/wp\/v2\/product"}],"about":[{"href":"https:\/\/micodesign.pl\/index.php?rest_route=\/wp\/v2\/types\/product"}],"replies":[{"embeddable":true,"href":"https:\/\/micodesign.pl\/index.php?rest_route=%2Fwp%2Fv2%2Fcomments&post=609"}],"wp:featuredmedia":[{"embeddable":true,"href":"https:\/\/micodesign.pl\/index.php?rest_route=\/wp\/v2\/media\/614"}],"wp:attachment":[{"href":"https:\/\/micodesign.pl\/index.php?rest_route=%2Fwp%2Fv2%2Fmedia&parent=609"}],"wp:term":[{"taxonomy":"product_brand","embeddable":true,"href":"https:\/\/micodesign.pl\/index.php?rest_route=%2Fwp%2Fv2%2Fproduct_brand&post=609"},{"taxonomy":"product_cat","embeddable":true,"href":"https:\/\/micodesign.pl\/index.php?rest_route=%2Fwp%2Fv2%2Fproduct_cat&post=609"},{"taxonomy":"product_tag","embeddable":true,"href":"https:\/\/micodesign.pl\/index.php?rest_route=%2Fwp%2Fv2%2Fproduct_tag&post=609"}],"curies":[{"name":"wp","href":"https:\/\/api.w.org\/{rel}","templated":true}]}}